*k, 5*k - 3108 = 2*z. Is k prime?
False
Suppose 278 + 102 = 5*a. Suppose 0*p + a = 4*p. Is p a composite number?
False
Let d = 247 + -171. Suppose 0 = 2*p - 142 - d. Is p a prime number?
True
Suppose 2*k = -4*n + 2, -15 = -4*n + n + 3*k. Suppose -56 = n*s - 5*w - 239, 4*w = 2*s - 182. Is s prime?
True
Let h = 1899 + -278. Is h composite?
False
Suppose -b - 90 = -781. Is b a composite number?
False
Is 1*(1 + (538 - 4)) a composite number?
True
Let r = 921 - 542. Is r prime?
True
Let s be (-2 - (1 + -3))/1. Suppose s*c = -2*c + 68. Is c a prime number?
False
Suppose -4*z - m - 343 = 29, -4*z + 2*m = 384. Let w = 24 - z. Suppose 0*i - w = -i. Is i prime?
False
Suppose 0 = 2*h - 6*h. Suppose 4*r + 4*n - 316 = h, 4*r - 321 = -7*n + 2*n. Is r a prime number?
False
Let a(y) be the second derivative of y**4/6 + 2*y**3/3 + 5*y**2/2 - y. Let q(c) = -c**3 + c. Let t be q(2). Is a(t) a prime number?
True
Suppose 0*h + 3*h - 753 = 0. Is h prime?
True
Suppose 2*k + 3*j = 1549, 2*j = 2*k + 3*j - 1547. Let x = k - 90. Is x composite?
False
Let y = -156 + 223. Suppose -3*r + 6*r = -s + y, 2*s + 5*r - 138 = 0. Is s a composite number?
False
Let x = 10 + -3. Is x a composite number?
False
Suppose 0 = -3*g - 4*v + 2969 - 950, 5*g + 3*v = 3365. Is g composite?
False
Suppose 3*a = 3, 3 - 8 = 5*b - 5*a. Let v be 0 + 0 - (b + 0). Suppose -2*f + 3*j - 11 = -v*j, -21 = -3*f - 3*j. Is f a prime number?
True
Suppose 17 = 5*g - 2*p, 2*g + p - 3*p - 8 = 0. Suppose -g*h - 31 = -307. Let f = h + -53. Is f prime?
False
Let y(m) = m**3 + 8*m**2 - 7. Suppose -5 - 1 = -3*w. Suppose 0 = -5*o + 3*x - 42, -w*o + 5*o = -4*x - 2. Is y(o) a composite number?
True
Let l(t) = t + 1. Let q(r) = r**2 - 1. Let k be q(-3). Let j = k + -5. Is l(j) a prime number?
False
Let l = -196 + 1481. Suppose -l = -b - 4*b. Is b a prime number?
True
Let c(k) = -k**3 + k**2 - 6*k + 4. Let h be c(6). Is (6/(-12))/(2/h) a prime number?
True
Suppose 2*v = -0*v + 70. Suppose 4*c - v = -4*z - 11, 0 = -4*c + 2*z + 6. Suppose -4*k + 49 = k + c*d, 3*d = -6. Is k prime?
True
Suppose -l = 2*l - 3*k - 195, k = -2. Let j = -86 - -57. Let q = j + l. Is q a prime number?
False
Let w be (-4 - (-2 + 3))*-1. Suppose 0 = 6*u - u - w*k - 405, -5*k = -4*u + 320. Is u prime?
False
Is 27/(-3)*-233 - -4 a prime number?
False
Is (-388)/10*20/(-4) composite?
True
Let s(w) = -w - 2. Let h be s(-5). Suppose -3*x + 281 = 2*j, -h*j = -5*j - 5*x + 275. Is j a prime number?
False
Let c = 9 + 1. Is c prime?
False
Suppose q - 410 = 2*p + 385, 5*q - 2*p - 3983 = 0. Is q prime?
True
Suppose -5*r = -15, 5*x - x = r + 17. Suppose 0 = x*q - 25, 0 = v - 5*v - q + 217. Is v a composite number?
False
Let n = 12 - 18. Let v(x) = -x + 1. Let a be v(-8). Let k = a - n. Is k a composite number?
True
Suppose 2*p - 3*p + 2 = 0. Let r(g) = g - 1 + g**3 - p*g**3 - 3*g + g. Is r(-2) composite?
True
Suppose 2583 = 2*q + q. Suppose -k = 2*k - q. Is k composite?
True
Let o(c) = -9*c + 6. Is o(-5) a composite number?
True
Let q(z) = 126*z - 3. Let i = -10 + 12. Let d be q(i). Let m = -156 + d. Is m prime?
False
Let m(l) = -4*l**3 + 5*l**2 - 2*l - 5. Is m(-4) prime?
False
Let c = -6 - -3. Let x = -8 - c. Is 5/(x/(-2)) + 4 composite?
True
Let u(f) = 10*f**2 + f - 1. Let x(m) = -m + 5. Let t = 4 + 0. Let a be x(t). Is u(a) composite?
True
Suppose -4*q + 9*q = -10. Let a be (6 + -2)*q/(-4). Suppose -5*o - 316 = -a*n, -3*n = -n - 4*o - 318. Is n composite?
False
Is 2 + 3 - 2 - (1 + -1359) a prime number?
True
Let z = -2 - 2. Let k(q) = 4*q + q + 2*q**3 - 2 - q**3 + 7*q**2. Is k(z) a composite number?
True
Let l be 12/3*1/(-2). Is (510/(-4) - 2)*l a composite number?
True
Let j(r) = -r**3 + 5*r**2 - r - 2. Let t be j(4). Let q = -3 + t. Is q composite?
False
Let q(f) = 5 + 3*f - 5*f**2 + 4*f**2 - 5 + 3. Let l be q(3). Suppose z - 34 = -3*t, l*z - 5 - 57 = -t. Is z a composite number?
False
Is (9 - 6)*991/3 composite?
False
Let o = -208 + -75. Let r = -194 - o. Is r a composite number?
False
Let z(c) = -3*c - 45. Let b(i) = -i + 1. Suppose -3*u = -2*n + 4, 2*u = n + 1 - 2. Let s(m) = u*b(m) - z(m). Is s(0) a prime number?
True
Let g(l) = -8*l**2 + 72*l - 11 - 69*l + 22*l**2 - l**3. Is g(8) a composite number?
False
Suppose 73 = -5*h + j, j - 68 = 4*h + 5*j. Let d = h + 11. Is (-867)/(-9) - d/6 composite?
False
Suppose -2*u - 1 = 2*j + 5, 0 = 2*j + 4. Let x = 2 - u. Is x prime?
True
Let g(z) = -z**2 - 8*z - 6. Let o be g(-7). Let l(a) = 83*a**3 - 2*a**2 - 5*a + 1. Let f(y) = y**2 + y. Let r(n) = 3*f(n) + l(n). Is r(o) a prime number?
True
Let i be 2/14 - 60/(-21). Suppose 0 = 4*h - 1 + 9, i*a + 3*h - 165 = 0. Is a a composite number?
True
Let o be 17 - (-3 - -4) - -1. Let m = 42 - o. Is m prime?
False
Let d = 9 + -7. Suppose g - 4*z = 643, d*g - 5*z + 0*z = 1277. Suppose 0 = 5*c + y - g, 377 = 2*c + c + y. Is c a composite number?
False
Is 1758/18*(4 - 1) a composite number?
False
Let r = 1 - 2. Let b(q) = 24*q**2 - 1. Let d be b(r). Let m = d - 9. Is m prime?
False
Let m = -2 + -2. Let u(o) = -2*o**3 + 2*o**2 - 3*o + 2. Let b be u(m). Is b/18 - 1/(-3) a composite number?
True
Suppose 4*c - 371 = 393. Is c a prime number?
True
Is (-2)/3 - 982/(-6) a composite number?
False
Suppose -558 + 39 = 4*n - 3*u, -5*n = 4*u + 672. Let j = n - -227. Let l = -6 + j. Is l prime?
True
Is (-3554*2/(-6))/((-6)/(-9)) composite?
False
Let r be (4 + 120)*(-30)/(-8). Suppose 0 = 2*i - 277 - r. Is i composite?
True
Let u = 431 - 268. Is u composite?
False
Let y(i) = 5*i**2 - 5*i + 11. Is y(13) a composite number?
True
Let b(m) = 109*m**3 + m**2 + m - 1. Let k be b(1). Suppose 92 = 2*i - k. Suppose -3*o - i = f - 6*f, -5*o - 105 = -5*f. Is f prime?
True
Suppose 3*u - 18 = -3. Let b = u + -3. Let v(w) = 26*w**2 + 4*w - 3. Is v(b) composite?
False
Let b be (1 - -3) + -2 + -4. Is (b/6)/(1/(-99)) a prime number?
False
Suppose -z = -2*s - 10, -2*s = 4*z - 4*s - 16. Let c(x) = -z*x**2 - 12*x - 2 + x**2 - 2. Is c(-5) a composite number?
False
Suppose 2 = -r + 357. Is r composite?
True
Let f = 415 - 192. Is f prime?
True
Let g = -18 - -11. Let d = g - -11. Suppose -d*x + 264 = -268. Is x a composite number?
True
Let p be 208/(-6)*(-12)/4. Suppose -p = 4*v + 240. Let u = v - -387. Is u prime?
False
Let a(y) = -2*y**2 - 2*y**3 - 3 + 7*y**2 + 4 + 2. Is a(-4) prime?
True
Is 1857/21 - 4/(-7) a prime number?
True
Let r be (1 + 2 + -2)*3. Suppose k - 170 = -2*k + a, r*k - 5*a - 190 = 0. Is k a composite number?
True
Let y(o) = o**2 - o + 5. Is y(11) composite?
True
Suppose 3*o - n + 3 + 2 = 0, 2*o - n = -3. Let t be (-1)/(-4)*o*8. Let m = t - -13. Is m a composite number?
True
Suppose 18*h - 23*h + 13055 = 0. Is h a composite number?
True
Let k be 77/(-22)*2*-1. Let y(b) = b**3 - 5*b**2 + 8*b + 7. Is y(k) prime?
False
Let b be (9 + -3)*137/2. Suppose 81 = 4*g - b. Is g prime?
False
Suppose 0*y + 560 = 4*y. Let p = y - 13. Is p a composite number?
False
Let y(q) = q**2 + 3*q. Let h be y(-3). Suppose 2*o - o - 143 = h. Is o prime?
False
Suppose 6*f = 4*f - 4*h - 4, 3*h + 2 = -2*f. Suppose 1257 = 5*z - f*z. Is z composite?
False
Let v = 1 - 1. Let q = 2 + v. Suppose 3*g = q*g - 5*t + 17, 2*g - t - 12 = 0. Is g a composite number?
False
Let g be 30/(-9)*(-3)/(-2). Let a be (g - -3)*(0 + -8). Let c = a - -67. Is c prime?
True
Suppose 335 = 4*p - 405. Is p a composite number?
True
Let m(q) = 12*q + 29. Is m(11) a prime number?
False
Suppose -7 = -j - 4. Suppose j*b - 5*r + 445 = 4*b, -4*b = -r - 1780. Is b prime?
False
Let r = 99 + -36. Suppose -113 = 4*c - c + 2*u, -5*c - 2*u = 187. Let b = r + c. Is b prime?
False
Let g = 10 - 15. Let a = g - -8. Is a*37*1/1 prime?
False
Let w be (-1)/(-4) - (-43)/4. Is ((-11)/4)/(w/(-132)) prime?
False
Let p(f) be the second derivative of f**4/6 + 5*f**3/2 - 5*f**2 + 2*f. Is p(-11) composite?
False
Let p(d) be the third derivative of 127*d**6/120 - d**4/24 + d**3/6 + 2*d**2. Is p(1) a composite number?
False
Suppose 81 = 5*b - 304. Is b a composite number?
True
Suppose -7*y - 244 = -5*y. Let t(u) = -181*u**3 - u**2 - u. Let q be t(-1). Let x = y + q. Is x a composite number?
False
Suppose 4*g - 39 = 5*a + 149, 5*g - 2*a = 218. Let u = 9 + g. Let v = u + -16. Is v a composite number?
True
Let b = -222 + 1199. Is b prime?
True
Suppose 6*l - 2571 = -y + 4*l, -5*y - 4*l